{"id":3825,"date":"2016-09-07T17:54:19","date_gmt":"2016-09-07T22:54:19","guid":{"rendered":"https:\/\/lifeseguridad.com\/producto\/ws4904-detector-pasivo-infrarrojo-inalambrico-inmune-a-mascotas-ws4904p\/"},"modified":"2023-08-09T17:20:47","modified_gmt":"2023-08-09T22:20:47","slug":"ws4904-detector-pasivo-infrarrojo-inalambrico-inmune-a-mascotas-ws4904p","status":"publish","type":"product","link":"https:\/\/lifeseguridad.com\/?product=ws4904-detector-pasivo-infrarrojo-inalambrico-inmune-a-mascotas-ws4904p","title":{"rendered":"WS4904 Detector pasivo infrarrojo inal\u00e1mbrico inmune a mascotas WS4904P"},"content":{"rendered":"<h2>Detector pasivo infrarrojo inal\u00e1mbrico inmune a mascotas WS4904P<\/h2>\n<p>El WS4904P reemplaza al WLS904PL-433<br \/>\nBasado en la concepci\u00f3n del detector de movimiento cableado Bravo\u00ae 3D<br \/>\nCorte autom\u00e1tico en el caso de detecciones excesivas<br \/>\nEl modelo WS4904P incluye un mecanismo antimascota de hasta 27 kg (60 libras)<br \/>\n1 bater\u00eda de litio de larga duraci\u00f3n inclu\u00edda<\/p>\n","protected":false},"excerpt":{"rendered":"<p>Detector pasivo infrarrojo inal\u00e1mbrico inmune a mascotas WS4904P<\/p>\n<p><a class=\"ficha\" href=\"https:\/\/lifeseguridad.com\/ficha-tecnica\/ws4904p-inst-sheet-en-fr-sp-r003.pdf\" target=\"_blank\" rel=\"noopener\"><i class=\"iconoficha\"><\/i> FICHA T\u00c9CNICA<\/a><\/p>\n","protected":false},"featured_media":6143,"comment_status":"open","ping_status":"closed","template":"","meta":{"inline_featured_image":false},"product_brand":[],"product_cat":[217,207],"product_tag":[157],"class_list":{"0":"post-3825","1":"product","2":"type-product","3":"status-publish","4":"has-post-thumbnail","6":"product_cat-alarma-inalambrica","7":"product_cat-sensor-de-movimiento","8":"product_tag-dsc","10":"first","11":"instock","12":"taxable","13":"shipping-taxable","14":"product-type-simple"},"aioseo_notices":[],"_links":{"self":[{"href":"https:\/\/lifeseguridad.com\/index.php?rest_route=\/wp\/v2\/product\/3825","targetHints":{"allow":["GET"]}}],"collection":[{"href":"https:\/\/lifeseguridad.com\/index.php?rest_route=\/wp\/v2\/product"}],"about":[{"href":"https:\/\/lifeseguridad.com\/index.php?rest_route=\/wp\/v2\/types\/product"}],"replies":[{"embeddable":true,"href":"https:\/\/lifeseguridad.com\/index.php?rest_route=%2Fwp%2Fv2%2Fcomments&post=3825"}],"wp:featuredmedia":[{"embeddable":true,"href":"https:\/\/lifeseguridad.com\/index.php?rest_route=\/wp\/v2\/media\/6143"}],"wp:attachment":[{"href":"https:\/\/lifeseguridad.com\/index.php?rest_route=%2Fwp%2Fv2%2Fmedia&parent=3825"}],"wp:term":[{"taxonomy":"product_brand","embeddable":true,"href":"https:\/\/lifeseguridad.com\/index.php?rest_route=%2Fwp%2Fv2%2Fproduct_brand&post=3825"},{"taxonomy":"product_cat","embeddable":true,"href":"https:\/\/lifeseguridad.com\/index.php?rest_route=%2Fwp%2Fv2%2Fproduct_cat&post=3825"},{"taxonomy":"product_tag","embeddable":true,"href":"https:\/\/lifeseguridad.com\/index.php?rest_route=%2Fwp%2Fv2%2Fproduct_tag&post=3825"}],"curies":[{"name":"wp","href":"https:\/\/api.w.org\/{rel}","templated":true}]}}