{"id":3926,"date":"2016-09-07T17:54:37","date_gmt":"2016-09-07T22:54:37","guid":{"rendered":"https:\/\/lifeseguridad.com\/producto\/fa-1025u-panel-de-control-de-incendio-de-5-zonas-mircom\/"},"modified":"2023-08-09T17:20:51","modified_gmt":"2023-08-09T22:20:51","slug":"fa-1025u-panel-de-control-de-incendio-de-5-zonas-mircom","status":"publish","type":"product","link":"https:\/\/lifeseguridad.com\/?product=fa-1025u-panel-de-control-de-incendio-de-5-zonas-mircom","title":{"rendered":"FA-1025U Panel de Control de Incendio de 5 Zonas Mircom"},"content":{"rendered":"<h2>Panel de Control de Incendio de 5 Zonas Mircom<\/h2>\n<p>Cinco circuitos de iniciaci\u00f3n de clase \u2018B\u2019<br \/>\nDos circuitos de indicaci\u00f3n de clase \u00abB\u00bb (1,7 amperios cada uno)<br \/>\nInterruptores individuales de Zona en Silencio \/ desconexi\u00f3n<br \/>\nTonos audibles son seleccionable por Interruptor DIP para constantes y Temporales<br \/>\nPotente zonas de 3 mA de capacidad para detectores de humo de 2 hilos<br \/>\nContacto de rel\u00e9 de alarma com\u00fan, Forma C, 28 VDC a 3 AMP (resistiva)<br \/>\nContacto comunes seleccionable NO o NC<br \/>\nLED ON A.C. (verde) de 28 VDC a 3 Amp (resistiva)<br \/>\nLED de Alarma de Zona (\u00e1mbar) LED de Problemas de se\u00f1al (\u00e1mbarr)<br \/>\nLED Falla Tierra (\u00e1mbar) LED de error de bater\u00eda (\u00e1mbar)<br \/>\nLED de Alarma silenciada (\u00c1mbar) y interruptor para LED de Problemas Comunes y Silencio.<br \/>\nSalida del indicador remoto de problemas<br \/>\nSalida remota A.C.<br \/>\nInhibir se\u00f1al de silencio por 1 minuto seleccionable<br \/>\nProtecci\u00f3n contra transitorios extensa en todos los circuitos<br \/>\nAnunciador de Salidas disponible<br \/>\nTodos los circuitos est\u00e1n limitados en potencia<\/p>\n","protected":false},"excerpt":{"rendered":"<p>Panel de Control de Incendio de 5 Zonas Mircom<\/p>\n<p><a class=\"ficha\" href=\"https:\/\/lifeseguridad.com\/ficha-tecnica\/fa-1025u.pdf\" target=\"_blank\" rel=\"noopener\"><i class=\"iconoficha\"><\/i> FICHA T\u00c9CNICA<\/a><\/p>\n","protected":false},"featured_media":5973,"comment_status":"open","ping_status":"closed","template":"","meta":{"inline_featured_image":false},"product_brand":[],"product_cat":[299,184],"product_tag":[168],"class_list":{"0":"post-3926","1":"product","2":"type-product","3":"status-publish","4":"has-post-thumbnail","6":"product_cat-panel-contra-incendio","7":"product_cat-sistema-contra-incendio","8":"product_tag-mircom","10":"first","11":"instock","12":"taxable","13":"shipping-taxable","14":"product-type-simple"},"aioseo_notices":[],"_links":{"self":[{"href":"https:\/\/lifeseguridad.com\/index.php?rest_route=\/wp\/v2\/product\/3926","targetHints":{"allow":["GET"]}}],"collection":[{"href":"https:\/\/lifeseguridad.com\/index.php?rest_route=\/wp\/v2\/product"}],"about":[{"href":"https:\/\/lifeseguridad.com\/index.php?rest_route=\/wp\/v2\/types\/product"}],"replies":[{"embeddable":true,"href":"https:\/\/lifeseguridad.com\/index.php?rest_route=%2Fwp%2Fv2%2Fcomments&post=3926"}],"wp:featuredmedia":[{"embeddable":true,"href":"https:\/\/lifeseguridad.com\/index.php?rest_route=\/wp\/v2\/media\/5973"}],"wp:attachment":[{"href":"https:\/\/lifeseguridad.com\/index.php?rest_route=%2Fwp%2Fv2%2Fmedia&parent=3926"}],"wp:term":[{"taxonomy":"product_brand","embeddable":true,"href":"https:\/\/lifeseguridad.com\/index.php?rest_route=%2Fwp%2Fv2%2Fproduct_brand&post=3926"},{"taxonomy":"product_cat","embeddable":true,"href":"https:\/\/lifeseguridad.com\/index.php?rest_route=%2Fwp%2Fv2%2Fproduct_cat&post=3926"},{"taxonomy":"product_tag","embeddable":true,"href":"https:\/\/lifeseguridad.com\/index.php?rest_route=%2Fwp%2Fv2%2Fproduct_tag&post=3926"}],"curies":[{"name":"wp","href":"https:\/\/api.w.org\/{rel}","templated":true}]}}