{"id":3938,"date":"2016-09-07T17:54:40","date_gmt":"2016-09-07T22:54:40","guid":{"rendered":"https:\/\/lifeseguridad.com\/producto\/mix-100x-modulo-de-aislamiento\/"},"modified":"2023-08-09T17:20:51","modified_gmt":"2023-08-09T22:20:51","slug":"mix-100x-modulo-de-aislamiento","status":"publish","type":"product","link":"https:\/\/lifeseguridad.com\/?product=mix-100x-modulo-de-aislamiento","title":{"rendered":"MIX-100X M\u00f3dulo de aislamiento"},"content":{"rendered":"<h2>M\u00f3dulo de aislamiento<\/h2>\n<p> El m\u00f3dulo MIX-100X de fallo de aislador se utiliza para proteger el sistema contra los circuitos de cable a cable corto en el lazo anal\u00f3gico. Los m\u00f3dulos se deben espaciar entre los grupos de sensores o m\u00f3dulos en un lazo para proteger el resto del lazo. En el caso de un corto circuito entre dos m\u00f3dulos de fallo de aislador, ambos m\u00f3dulos cambian inmediatamente a una condici\u00f3n de circuito abierto y aisla a cualquier grupo de sensores entre ellos. Las unidades restantes en el circuito continuar\u00e1n para operar en un modo normal (se deben cablear en Clase\u2018A\u2019 o estilo 6).<\/p>\n","protected":false},"excerpt":{"rendered":"<p>M\u00f3dulo de aislamiento<\/p>\n<p><a class=\"ficha\" href=\"https:\/\/lifeseguridad.com\/ficha-tecnica\/mix-100p.pdf\" target=\"_blank\" rel=\"noopener\"><i class=\"iconoficha\"><\/i> FICHA T\u00c9CNICA<\/a><\/p>\n","protected":false},"featured_media":5832,"comment_status":"open","ping_status":"closed","template":"","meta":{"inline_featured_image":false},"product_brand":[],"product_cat":[200],"product_tag":[168],"class_list":{"0":"post-3938","1":"product","2":"type-product","3":"status-publish","4":"has-post-thumbnail","6":"product_cat-modulos","7":"product_tag-mircom","9":"first","10":"instock","11":"taxable","12":"shipping-taxable","13":"product-type-simple"},"aioseo_notices":[],"_links":{"self":[{"href":"https:\/\/lifeseguridad.com\/index.php?rest_route=\/wp\/v2\/product\/3938","targetHints":{"allow":["GET"]}}],"collection":[{"href":"https:\/\/lifeseguridad.com\/index.php?rest_route=\/wp\/v2\/product"}],"about":[{"href":"https:\/\/lifeseguridad.com\/index.php?rest_route=\/wp\/v2\/types\/product"}],"replies":[{"embeddable":true,"href":"https:\/\/lifeseguridad.com\/index.php?rest_route=%2Fwp%2Fv2%2Fcomments&post=3938"}],"wp:featuredmedia":[{"embeddable":true,"href":"https:\/\/lifeseguridad.com\/index.php?rest_route=\/wp\/v2\/media\/5832"}],"wp:attachment":[{"href":"https:\/\/lifeseguridad.com\/index.php?rest_route=%2Fwp%2Fv2%2Fmedia&parent=3938"}],"wp:term":[{"taxonomy":"product_brand","embeddable":true,"href":"https:\/\/lifeseguridad.com\/index.php?rest_route=%2Fwp%2Fv2%2Fproduct_brand&post=3938"},{"taxonomy":"product_cat","embeddable":true,"href":"https:\/\/lifeseguridad.com\/index.php?rest_route=%2Fwp%2Fv2%2Fproduct_cat&post=3938"},{"taxonomy":"product_tag","embeddable":true,"href":"https:\/\/lifeseguridad.com\/index.php?rest_route=%2Fwp%2Fv2%2Fproduct_tag&post=3938"}],"curies":[{"name":"wp","href":"https:\/\/api.w.org\/{rel}","templated":true}]}}