{"id":6716,"date":"2023-07-21T15:31:20","date_gmt":"2023-07-21T20:31:20","guid":{"rendered":"https:\/\/lifeseguridad.com\/?post_type=product&#038;p=6716"},"modified":"2024-01-15T12:15:07","modified_gmt":"2024-01-15T17:15:07","slug":"camara-domo-ip-ptz-p-interior-4mp-lente-2-8-12mm-hikvision","status":"publish","type":"product","link":"https:\/\/lifeseguridad.com\/?product=camara-domo-ip-ptz-p-interior-4mp-lente-2-8-12mm-hikvision","title":{"rendered":"CAMARA DOMO IP PTZ P\/INTERIOR 4MP LENTE 2.8-12MM HIKVISION"},"content":{"rendered":"<ul style=\"font-weight: 400;\">\n<li>DOMO PTZ IP 4Mp 2560&#215;1440 30fps<\/li>\n<li>CMOS 1\/3&#8243; ICR<\/li>\n<li>ZOOM x4<\/li>\n<li>WDR |IP66 |IK10<\/li>\n<li>Slot SD |IR 20m<\/li>\n<li>PoE. Resoluci\u00f3n: 2560\u00d71440@30 fps, 1280\u00d7960@30 fps<\/li>\n<li>\u00a0L: 2.8 a 12mm, 4x (x16 digital)<\/li>\n<li>WDR 120 dB<\/li>\n<li>Iluminaci\u00f3n: 0.005Lux@1.6 Color \/ 0.001Lux@F1.6 B\/N<\/li>\n<li>Compresi\u00f3n: H.265+ \/H.265<\/li>\n<li>Dual Stream \u2022 Pan: 0\u00b0 a 330\u00b0 endless; Tilt: 0\u00b0 a 90\u00b0<\/li>\n<li>TCP\/IP: 10\/100Mbps \u2022 Voltaje: 12Vdc\/PoE<\/li>\n<li>Audio 1 in\/out<\/li>\n<li>Protecci\u00f3n IP66<\/li>\n<li>\u00a0Compatible Software IVMS 4200.<\/li>\n<li>NO Incluye fuente, ni soporte.<\/li>\n<li>Marca HIKVISION<\/li>\n<\/ul>\n","protected":false},"excerpt":{"rendered":"<p>Cotizar ahora<\/p>\n","protected":false},"featured_media":6764,"comment_status":"open","ping_status":"closed","template":"","meta":{"inline_featured_image":false},"product_brand":[],"product_cat":[304],"product_tag":[],"class_list":{"0":"post-6716","1":"product","2":"type-product","3":"status-publish","4":"has-post-thumbnail","6":"product_cat-camaras-ptz-ip","8":"first","9":"instock","10":"taxable","11":"shipping-taxable","12":"product-type-simple"},"aioseo_notices":[],"_links":{"self":[{"href":"https:\/\/lifeseguridad.com\/index.php?rest_route=\/wp\/v2\/product\/6716","targetHints":{"allow":["GET"]}}],"collection":[{"href":"https:\/\/lifeseguridad.com\/index.php?rest_route=\/wp\/v2\/product"}],"about":[{"href":"https:\/\/lifeseguridad.com\/index.php?rest_route=\/wp\/v2\/types\/product"}],"replies":[{"embeddable":true,"href":"https:\/\/lifeseguridad.com\/index.php?rest_route=%2Fwp%2Fv2%2Fcomments&post=6716"}],"wp:featuredmedia":[{"embeddable":true,"href":"https:\/\/lifeseguridad.com\/index.php?rest_route=\/wp\/v2\/media\/6764"}],"wp:attachment":[{"href":"https:\/\/lifeseguridad.com\/index.php?rest_route=%2Fwp%2Fv2%2Fmedia&parent=6716"}],"wp:term":[{"taxonomy":"product_brand","embeddable":true,"href":"https:\/\/lifeseguridad.com\/index.php?rest_route=%2Fwp%2Fv2%2Fproduct_brand&post=6716"},{"taxonomy":"product_cat","embeddable":true,"href":"https:\/\/lifeseguridad.com\/index.php?rest_route=%2Fwp%2Fv2%2Fproduct_cat&post=6716"},{"taxonomy":"product_tag","embeddable":true,"href":"https:\/\/lifeseguridad.com\/index.php?rest_route=%2Fwp%2Fv2%2Fproduct_tag&post=6716"}],"curies":[{"name":"wp","href":"https:\/\/api.w.org\/{rel}","templated":true}]}}