{"id":6720,"date":"2023-07-21T15:37:44","date_gmt":"2023-07-21T20:37:44","guid":{"rendered":"https:\/\/lifeseguridad.com\/?post_type=product&#038;p=6720"},"modified":"2024-01-15T12:17:04","modified_gmt":"2024-01-15T17:17:04","slug":"camara-tandemvu-ptz-ip-4-4mp-25x-hikvision","status":"publish","type":"product","link":"https:\/\/lifeseguridad.com\/?product=camara-tandemvu-ptz-ip-4-4mp-25x-hikvision","title":{"rendered":"CAMARA TANDEMVU PTZ IP 4&#8243; 4MP 25X HIKVISION"},"content":{"rendered":"<p style=\"font-weight: 400;\"><b><strong>Domo de velocidad de red IR y colorido TandemVu de 4 pulgadas, 4 MP, 25X<\/strong><\/b><\/p>\n<ul style=\"font-weight: 400;\">\n<li>Captura un \u00e1rea grande y grandes detalles al mismo tiempo<\/li>\n<li>Im\u00e1genes de alta calidad con resoluci\u00f3n de 4 MP<\/li>\n<li>Excelente rendimiento con poca luz con la tecnolog\u00eda DarkFighter y la tecnolog\u00eda ColorVu<\/li>\n<li>Asegura un \u00e1rea amplia con zoom \u00f3ptico de 25\u00d7 y zoom digital de 16\u00d7<\/li>\n<li>Admite WDR, HLC, BLC, 3D DNR, antivaho, exposici\u00f3n regional, enfoque regional<\/li>\n<li>Vista nocturna expansiva con una distancia IR de hasta 100 m y luz blanca de 30 m<\/li>\n<li>Admite 12 V CC y PoE+<\/li>\n<li>Se centra en la clasificaci\u00f3n de objetivos humanos y de veh\u00edculos basada en el aprendizaje profundo<\/li>\n<\/ul>\n","protected":false},"excerpt":{"rendered":"<p>Cotizar ahora<\/p>\n","protected":false},"featured_media":7046,"comment_status":"open","ping_status":"closed","template":"","meta":{"inline_featured_image":false},"product_brand":[],"product_cat":[304],"product_tag":[],"class_list":{"0":"post-6720","1":"product","2":"type-product","3":"status-publish","4":"has-post-thumbnail","6":"product_cat-camaras-ptz-ip","8":"first","9":"instock","10":"taxable","11":"shipping-taxable","12":"product-type-simple"},"aioseo_notices":[],"_links":{"self":[{"href":"https:\/\/lifeseguridad.com\/index.php?rest_route=\/wp\/v2\/product\/6720","targetHints":{"allow":["GET"]}}],"collection":[{"href":"https:\/\/lifeseguridad.com\/index.php?rest_route=\/wp\/v2\/product"}],"about":[{"href":"https:\/\/lifeseguridad.com\/index.php?rest_route=\/wp\/v2\/types\/product"}],"replies":[{"embeddable":true,"href":"https:\/\/lifeseguridad.com\/index.php?rest_route=%2Fwp%2Fv2%2Fcomments&post=6720"}],"wp:featuredmedia":[{"embeddable":true,"href":"https:\/\/lifeseguridad.com\/index.php?rest_route=\/wp\/v2\/media\/7046"}],"wp:attachment":[{"href":"https:\/\/lifeseguridad.com\/index.php?rest_route=%2Fwp%2Fv2%2Fmedia&parent=6720"}],"wp:term":[{"taxonomy":"product_brand","embeddable":true,"href":"https:\/\/lifeseguridad.com\/index.php?rest_route=%2Fwp%2Fv2%2Fproduct_brand&post=6720"},{"taxonomy":"product_cat","embeddable":true,"href":"https:\/\/lifeseguridad.com\/index.php?rest_route=%2Fwp%2Fv2%2Fproduct_cat&post=6720"},{"taxonomy":"product_tag","embeddable":true,"href":"https:\/\/lifeseguridad.com\/index.php?rest_route=%2Fwp%2Fv2%2Fproduct_tag&post=6720"}],"curies":[{"name":"wp","href":"https:\/\/api.w.org\/{rel}","templated":true}]}}