{"id":7026,"date":"2023-08-16T17:54:31","date_gmt":"2023-08-16T22:54:31","guid":{"rendered":"https:\/\/lifeseguridad.com\/?post_type=product&#038;p=7026"},"modified":"2024-01-15T12:19:25","modified_gmt":"2024-01-15T17:19:25","slug":"xxxx-c6n-cam-ip-pt-ir-int-4mp-2k-wifi-2-4ghz-lente-4mm-ezviz","status":"publish","type":"product","link":"https:\/\/lifeseguridad.com\/?product=xxxx-c6n-cam-ip-pt-ir-int-4mp-2k-wifi-2-4ghz-lente-4mm-ezviz","title":{"rendered":"XXXX C6N CAM IP PT IR INT 4MP 2K WIFI 2.4GHZ LENTE 4MM EZVIZ"},"content":{"rendered":"<ul style=\"font-weight: 400;\">\n<li>C\u00e1mara wifi con paneo e inclinaci\u00f3n inteligente.<\/li>\n<li>Graba todos los rincones con una resoluci\u00f3n de 2K.<\/li>\n<li>Esta potente c\u00e1mara graba im\u00e1genes en resoluci\u00f3n 2K, ofreciendo detalles n\u00edtidos incluso con zoom digital 4x, para que pueda ver todo claramente en video en vivo y reproducci\u00f3n.<\/li>\n<li>Vigile todo su espacio f\u00e1cilmente con el campo de visi\u00f3n de 360 grados de la c\u00e1mara C6N y su funci\u00f3n de seguimiento inteligente. Se encarga de su seguridad; de d\u00eda y de noche.<\/li>\n<li>Visi\u00f3n Nocturna Inteligente (hasta 10 m)<\/li>\n<li>Paneo e Inclinaci\u00f3n Motorizados para una Cobertura Visual de 360\u00b0<\/li>\n<li>Comunicaci\u00f3n Bidireccional<\/li>\n<li>Seguimiento inteligente<\/li>\n<li>Modo suspensi\u00f3n para la protecci\u00f3n privada<\/li>\n<li>Tecnolog\u00eda de Video H.265<\/li>\n<li>Hable con sus seres queridos y disuada a los desconocidos no deseados utilizando la funci\u00f3n de comunicaci\u00f3n bidireccional de la C6N. Utilizando la aplicaci\u00f3n EZVIZ en su dispositivo m\u00f3vil, puede comunicarse f\u00e1cil y c\u00f3modamente desde cualquier lugar.<\/li>\n<li>Ranura microSD (hasta 256 GB)<\/li>\n<\/ul>\n","protected":false},"excerpt":{"rendered":"<p>Cotizar ahora<\/p>\n","protected":false},"featured_media":7031,"comment_status":"open","ping_status":"closed","template":"","meta":{"inline_featured_image":false},"product_brand":[],"product_cat":[342],"product_tag":[],"class_list":{"0":"post-7026","1":"product","2":"type-product","3":"status-publish","4":"has-post-thumbnail","6":"product_cat-camaras-smart","8":"first","9":"instock","10":"taxable","11":"shipping-taxable","12":"product-type-simple"},"aioseo_notices":[],"_links":{"self":[{"href":"https:\/\/lifeseguridad.com\/index.php?rest_route=\/wp\/v2\/product\/7026","targetHints":{"allow":["GET"]}}],"collection":[{"href":"https:\/\/lifeseguridad.com\/index.php?rest_route=\/wp\/v2\/product"}],"about":[{"href":"https:\/\/lifeseguridad.com\/index.php?rest_route=\/wp\/v2\/types\/product"}],"replies":[{"embeddable":true,"href":"https:\/\/lifeseguridad.com\/index.php?rest_route=%2Fwp%2Fv2%2Fcomments&post=7026"}],"wp:featuredmedia":[{"embeddable":true,"href":"https:\/\/lifeseguridad.com\/index.php?rest_route=\/wp\/v2\/media\/7031"}],"wp:attachment":[{"href":"https:\/\/lifeseguridad.com\/index.php?rest_route=%2Fwp%2Fv2%2Fmedia&parent=7026"}],"wp:term":[{"taxonomy":"product_brand","embeddable":true,"href":"https:\/\/lifeseguridad.com\/index.php?rest_route=%2Fwp%2Fv2%2Fproduct_brand&post=7026"},{"taxonomy":"product_cat","embeddable":true,"href":"https:\/\/lifeseguridad.com\/index.php?rest_route=%2Fwp%2Fv2%2Fproduct_cat&post=7026"},{"taxonomy":"product_tag","embeddable":true,"href":"https:\/\/lifeseguridad.com\/index.php?rest_route=%2Fwp%2Fv2%2Fproduct_tag&post=7026"}],"curies":[{"name":"wp","href":"https:\/\/api.w.org\/{rel}","templated":true}]}}