{"id":7035,"date":"2023-08-17T09:49:47","date_gmt":"2023-08-17T14:49:47","guid":{"rendered":"https:\/\/lifeseguridad.com\/?post_type=product&#038;p=7035"},"modified":"2024-01-15T12:19:25","modified_gmt":"2024-01-15T17:19:25","slug":"camara-ip-1080p-exterior-lente-2-8mm-2-ezviz","status":"publish","type":"product","link":"https:\/\/lifeseguridad.com\/?product=camara-ip-1080p-exterior-lente-2-8mm-2-ezviz","title":{"rendered":"CAMARA IP 1080P EXTERIOR. LENTE 2.8MM (2) EZVIZ"},"content":{"rendered":"<p style=\"font-weight: 400;\"><b><strong>C\u00e1mara wifi de lente doble con AI integrada.<\/strong><\/b><\/p>\n<ul style=\"font-weight: 400;\">\n<li>Conozca la primera c\u00e1mara de seguridad del mundo para el sector comercial con configuraci\u00f3n de lente doble. Ahora, el v\u00eddeo en color durante la noche es una realidad, incluso cuando no haya luces suplementarias. Adem\u00e1s, los algoritmos de IA simplemente hacen que todo sea m\u00e1s f\u00e1cil. A partir de ahora, puede recibir alertas precisas cuando aparezcan personas y veh\u00edculos en las zonas que haya especificado. Prot\u00e9jase con la C3X de una manera profesional y altamente tecnol\u00f3gica.<\/li>\n<\/ul>\n<p style=\"font-weight: 400;\"><b><strong>La primera lente doble presente en una c\u00e1mara de seguridad.<\/strong><\/b><\/p>\n<ul style=\"font-weight: 400;\">\n<li>En la configuraci\u00f3n de la c\u00e1mara de 2 MP de lente doble, la generaci\u00f3n de im\u00e1genes en colores vivos se consigue usando dos lentes: una lente graba la luminosidad ambiental y la otra captura la informaci\u00f3n del color. Posteriormente, las dos im\u00e1genes se combinan usando el algoritmo patentado por EZVIZ para crear una imagen rica en detalles y colores realistas.<\/li>\n<\/ul>\n<p style=\"font-weight: 400;\"><b><strong>Revolucionaria visi\u00f3n nocturna en color sin focos.<\/strong><\/b><\/p>\n<ul style=\"font-weight: 400;\">\n<li>El aprovechamiento de las luces suplementarias para conseguir una visi\u00f3n nocturna en color fue brillante hasta que la c\u00e1mara C3X lleg\u00f3 al mercado. La C3X usa lentes duales y luces infrarrojas duales para generar mejores im\u00e1genes en color, incluso en condiciones de poca iluminaci\u00f3n. No se necesitan focos. Con la C3X, se obtienen colores m\u00e1s naturales e im\u00e1genes uniformemente iluminadas.<\/li>\n<\/ul>\n<p style=\"font-weight: 400;\"><b><strong>Grabaci\u00f3n activada por movimiento de personas y veh\u00edculos.<\/strong><\/b><\/p>\n<ul style=\"font-weight: 400;\">\n<li>Gracias a un modelo de aprendizaje profundo integrado, la C3X puede detectar el movimiento de siluetas de personas y veh\u00edculos al instante. Ahora puede recibir las alertas precisas de movimiento que siempre ha deseado. Cuando no hay nadie vigilando, la C3X toma el relevo.<\/li>\n<\/ul>\n","protected":false},"excerpt":{"rendered":"<p>Cotizar ahora<\/p>\n","protected":false},"featured_media":7036,"comment_status":"open","ping_status":"closed","template":"","meta":{"inline_featured_image":false},"product_brand":[],"product_cat":[342],"product_tag":[],"class_list":{"0":"post-7035","1":"product","2":"type-product","3":"status-publish","4":"has-post-thumbnail","6":"product_cat-camaras-smart","8":"first","9":"instock","10":"taxable","11":"shipping-taxable","12":"product-type-simple"},"aioseo_notices":[],"_links":{"self":[{"href":"https:\/\/lifeseguridad.com\/index.php?rest_route=\/wp\/v2\/product\/7035","targetHints":{"allow":["GET"]}}],"collection":[{"href":"https:\/\/lifeseguridad.com\/index.php?rest_route=\/wp\/v2\/product"}],"about":[{"href":"https:\/\/lifeseguridad.com\/index.php?rest_route=\/wp\/v2\/types\/product"}],"replies":[{"embeddable":true,"href":"https:\/\/lifeseguridad.com\/index.php?rest_route=%2Fwp%2Fv2%2Fcomments&post=7035"}],"wp:featuredmedia":[{"embeddable":true,"href":"https:\/\/lifeseguridad.com\/index.php?rest_route=\/wp\/v2\/media\/7036"}],"wp:attachment":[{"href":"https:\/\/lifeseguridad.com\/index.php?rest_route=%2Fwp%2Fv2%2Fmedia&parent=7035"}],"wp:term":[{"taxonomy":"product_brand","embeddable":true,"href":"https:\/\/lifeseguridad.com\/index.php?rest_route=%2Fwp%2Fv2%2Fproduct_brand&post=7035"},{"taxonomy":"product_cat","embeddable":true,"href":"https:\/\/lifeseguridad.com\/index.php?rest_route=%2Fwp%2Fv2%2Fproduct_cat&post=7035"},{"taxonomy":"product_tag","embeddable":true,"href":"https:\/\/lifeseguridad.com\/index.php?rest_route=%2Fwp%2Fv2%2Fproduct_tag&post=7035"}],"curies":[{"name":"wp","href":"https:\/\/api.w.org\/{rel}","templated":true}]}}