{"id":7048,"date":"2023-08-17T14:25:59","date_gmt":"2023-08-17T19:25:59","guid":{"rendered":"https:\/\/lifeseguridad.com\/?post_type=product&#038;p=7048"},"modified":"2024-01-15T12:19:26","modified_gmt":"2024-01-15T17:19:26","slug":"camara-tubo-ip-8mp-4k-lente-2-8mm-12vdc-hikvision","status":"publish","type":"product","link":"https:\/\/lifeseguridad.com\/?product=camara-tubo-ip-8mp-4k-lente-2-8mm-12vdc-hikvision","title":{"rendered":"CAMARA TUBO IP 8MP 4K LENTE 2.8MM &#8211; 12VDC HIKVISION"},"content":{"rendered":"<ul>\n<li>\n<p class=\"lead o_default_snippet_text\">Im\u00e1genes de alta calidad con resoluci\u00f3n de 8 MP<\/p>\n<\/li>\n<li>\n<p class=\"lead o_default_snippet_text\">Tecnolog\u00eda de compresi\u00f3n eficiente H.265+<\/p>\n<\/li>\n<li>\n<p class=\"lead\">Im\u00e1genes n\u00edtidas contra una fuerte luz de fondo gracias a la tecnolog\u00eda WDR de 120 dB<\/p>\n<\/li>\n<li>\n<p class=\"lead o_default_snippet_text\">Centr\u00e1ndose en la clasificaci\u00f3n de personas y veh\u00edculos basada en el aprendizaje profundo<\/p>\n<\/li>\n<li>\n<p class=\"lead\">Micr\u00f3fono incorporado para seguridad de audio en tiempo real<\/p>\n<\/li>\n<li>\n<p class=\"lead\">Resistente al agua y al polvo (IP67)<\/p>\n<\/li>\n<\/ul>\n","protected":false},"excerpt":{"rendered":"<p>Cotizar ahora<\/p>\n","protected":false},"featured_media":7049,"comment_status":"open","ping_status":"closed","template":"","meta":{"inline_featured_image":false},"product_brand":[],"product_cat":[303],"product_tag":[],"class_list":{"0":"post-7048","1":"product","2":"type-product","3":"status-publish","4":"has-post-thumbnail","6":"product_cat-camaras-tubo-ip","8":"first","9":"instock","10":"taxable","11":"shipping-taxable","12":"product-type-simple"},"aioseo_notices":[],"_links":{"self":[{"href":"https:\/\/lifeseguridad.com\/index.php?rest_route=\/wp\/v2\/product\/7048","targetHints":{"allow":["GET"]}}],"collection":[{"href":"https:\/\/lifeseguridad.com\/index.php?rest_route=\/wp\/v2\/product"}],"about":[{"href":"https:\/\/lifeseguridad.com\/index.php?rest_route=\/wp\/v2\/types\/product"}],"replies":[{"embeddable":true,"href":"https:\/\/lifeseguridad.com\/index.php?rest_route=%2Fwp%2Fv2%2Fcomments&post=7048"}],"wp:featuredmedia":[{"embeddable":true,"href":"https:\/\/lifeseguridad.com\/index.php?rest_route=\/wp\/v2\/media\/7049"}],"wp:attachment":[{"href":"https:\/\/lifeseguridad.com\/index.php?rest_route=%2Fwp%2Fv2%2Fmedia&parent=7048"}],"wp:term":[{"taxonomy":"product_brand","embeddable":true,"href":"https:\/\/lifeseguridad.com\/index.php?rest_route=%2Fwp%2Fv2%2Fproduct_brand&post=7048"},{"taxonomy":"product_cat","embeddable":true,"href":"https:\/\/lifeseguridad.com\/index.php?rest_route=%2Fwp%2Fv2%2Fproduct_cat&post=7048"},{"taxonomy":"product_tag","embeddable":true,"href":"https:\/\/lifeseguridad.com\/index.php?rest_route=%2Fwp%2Fv2%2Fproduct_tag&post=7048"}],"curies":[{"name":"wp","href":"https:\/\/api.w.org\/{rel}","templated":true}]}}