{"id":7303,"date":"2023-09-01T15:28:49","date_gmt":"2023-09-01T20:28:49","guid":{"rendered":"https:\/\/lifeseguridad.com\/?post_type=product&#038;p=7303"},"modified":"2024-01-15T12:19:40","modified_gmt":"2024-01-15T17:19:40","slug":"control-de-acceso-y-asistencia-biometrica-rostro-huella-y-tarjeta","status":"publish","type":"product","link":"https:\/\/lifeseguridad.com\/?product=control-de-acceso-y-asistencia-biometrica-rostro-huella-y-tarjeta","title":{"rendered":"CONTROL DE ACCESO Y ASISTENCIA BIOMETRICA ROSTRO, HUELLA Y TARJETA"},"content":{"rendered":"<p style=\"font-weight: 400;\">SpeedFace-V3L[QR] con un m\u00f3dulo de c\u00f3digo QR admite reconocimiento facial, C\u00f3digo QR y RFID. Esta serie de productos tambi\u00e9n est\u00e1 equipada con el \u00faltimo algoritmo antispoo\u00adng para rostro reconocimiento contra casi todos los tipos de ataques de fotos y videos falsos.SpeedFace-V3L La serie admite videoporteros tanto a trav\u00e9s de la aplicaci\u00f3n m\u00f3vil ZSmart como a trav\u00e9s del software para PC ZKBioTalk. Tambi\u00e9n soporte conectado al software ZKBio Access.<\/p>\n<p style=\"font-weight: 400;\">\n<ul style=\"font-weight: 400;\">\n<li>IP65 resistente al agua y al polvo<\/li>\n<li>Temperatura de funcionamiento de -5 \u00b0C a 45 \u00b0C<\/li>\n<li>Soporte facial \/ huella digital \/ codi\u00adcaci\u00f3n QR codi\u00adcada \/ RFID<\/li>\n<li>M\u00f3dulos de tarjeta disponibles : tarjeta EM de 12,5 KHz \/ tarjeta IC de 13,56 MHz (IC)<\/li>\n<li>Luz suplementaria con brillo ajustable<\/li>\n<li>Videoportero HD a trav\u00e9s de la aplicaci\u00f3n m\u00f3vil ZSmart y la aplicaci\u00f3n ZKBioTalk PC<\/li>\n<li>Servidor web integrado para la con\u00adguraci\u00f3n del sistema<\/li>\n<li>Soporta hasta 500 faciales \/ 3,000 huellas dactilares \/ 3,000 tarjetas RFID \/ 200,000 registros<\/li>\n<li>Soporta IEEE 802.3af\/at alimentaci\u00f3n a trav\u00e9s de Ethernet est\u00e1ndar<\/li>\n<\/ul>\n","protected":false},"excerpt":{"rendered":"<p>Cotizar ahora<\/p>\n","protected":false},"featured_media":7304,"comment_status":"open","ping_status":"closed","template":"","meta":{"inline_featured_image":false},"product_brand":[],"product_cat":[234],"product_tag":[],"class_list":{"0":"post-7303","1":"product","2":"type-product","3":"status-publish","4":"has-post-thumbnail","6":"product_cat-control-de-asistencia","8":"first","9":"instock","10":"taxable","11":"shipping-taxable","12":"product-type-simple"},"aioseo_notices":[],"_links":{"self":[{"href":"https:\/\/lifeseguridad.com\/index.php?rest_route=\/wp\/v2\/product\/7303","targetHints":{"allow":["GET"]}}],"collection":[{"href":"https:\/\/lifeseguridad.com\/index.php?rest_route=\/wp\/v2\/product"}],"about":[{"href":"https:\/\/lifeseguridad.com\/index.php?rest_route=\/wp\/v2\/types\/product"}],"replies":[{"embeddable":true,"href":"https:\/\/lifeseguridad.com\/index.php?rest_route=%2Fwp%2Fv2%2Fcomments&post=7303"}],"wp:featuredmedia":[{"embeddable":true,"href":"https:\/\/lifeseguridad.com\/index.php?rest_route=\/wp\/v2\/media\/7304"}],"wp:attachment":[{"href":"https:\/\/lifeseguridad.com\/index.php?rest_route=%2Fwp%2Fv2%2Fmedia&parent=7303"}],"wp:term":[{"taxonomy":"product_brand","embeddable":true,"href":"https:\/\/lifeseguridad.com\/index.php?rest_route=%2Fwp%2Fv2%2Fproduct_brand&post=7303"},{"taxonomy":"product_cat","embeddable":true,"href":"https:\/\/lifeseguridad.com\/index.php?rest_route=%2Fwp%2Fv2%2Fproduct_cat&post=7303"},{"taxonomy":"product_tag","embeddable":true,"href":"https:\/\/lifeseguridad.com\/index.php?rest_route=%2Fwp%2Fv2%2Fproduct_tag&post=7303"}],"curies":[{"name":"wp","href":"https:\/\/api.w.org\/{rel}","templated":true}]}}