{"id":8030,"date":"2025-08-19T17:23:01","date_gmt":"2025-08-19T22:23:01","guid":{"rendered":"https:\/\/lifeseguridad.com\/?product=estacion-manual-direccionable-mircom"},"modified":"2025-08-19T17:23:01","modified_gmt":"2025-08-19T22:23:01","slug":"estacion-manual-direccionable-mircom","status":"publish","type":"product","link":"https:\/\/lifeseguridad.com\/?product=estacion-manual-direccionable-mircom","title":{"rendered":"ESTACION MANUAL DIRECCIONABLE MIRCOM"},"content":{"rendered":"","protected":false},"excerpt":{"rendered":"<p>ESTACION MANUAL DIRECCIONABLE MIRCOM<\/p>\n<ul>\n<li>Construida con metal fundido de alta calidad.<\/li>\n<li>Acabado esmaltado al alto brillo.<\/li>\n<li>Atractivo dise\u00f1o con perfil delgado.<\/li>\n<li>Todos los modelos incluyen una cerradura y llave CAT30 y testigo de operaci\u00f3n (Barra pl\u00e1stica de rotura por activaci\u00f3n).<\/li>\n<li>Todos los modelos incluyen un m\u00f3dulo monitor direccionable de la Serie MIX-4000 integrado en todos los modelos.<\/li>\n<li>Se pueden conectar hasta 240 dispositivos de la serie MIX-4000 en cualquier combinaci\u00f3n, en un simple lazo de se\u00f1alizaci\u00f3n SLC.<\/li>\n<li>Se direcciona con el programador port\u00e1til MIX-4090.<\/li>\n<li>Versiones de doble acci\u00f3n de una y dos etapas.<\/li>\n<li>Modelos disponibles con listado UL o ULC.<\/li>\n<li>Cumplen con el requisito ADA de m\u00e1xima fuerza de activaci\u00f3n de 5 libras.<\/li>\n<li>Se montan en una caja de registro rectangular est\u00e1ndar o sobre cajas met\u00e1licas de color rojo, modelos de MIRCOM BB-700 (para uso en interior) o BB-700WP (para uso en intemperie).<\/li>\n<\/ul>\n<p>MS-710MPU FICHA TECNICA PDF<\/p>\n","protected":false},"featured_media":8011,"comment_status":"open","ping_status":"closed","template":"","meta":{"inline_featured_image":false},"product_brand":[],"product_cat":[192],"product_tag":[168],"class_list":{"0":"post-8030","1":"product","2":"type-product","3":"status-publish","4":"has-post-thumbnail","6":"product_cat-estacion-manual","7":"product_tag-mircom","9":"first","10":"instock","11":"taxable","12":"shipping-taxable","13":"product-type-simple"},"aioseo_notices":[],"_links":{"self":[{"href":"https:\/\/lifeseguridad.com\/index.php?rest_route=\/wp\/v2\/product\/8030","targetHints":{"allow":["GET"]}}],"collection":[{"href":"https:\/\/lifeseguridad.com\/index.php?rest_route=\/wp\/v2\/product"}],"about":[{"href":"https:\/\/lifeseguridad.com\/index.php?rest_route=\/wp\/v2\/types\/product"}],"replies":[{"embeddable":true,"href":"https:\/\/lifeseguridad.com\/index.php?rest_route=%2Fwp%2Fv2%2Fcomments&post=8030"}],"wp:featuredmedia":[{"embeddable":true,"href":"https:\/\/lifeseguridad.com\/index.php?rest_route=\/wp\/v2\/media\/8011"}],"wp:attachment":[{"href":"https:\/\/lifeseguridad.com\/index.php?rest_route=%2Fwp%2Fv2%2Fmedia&parent=8030"}],"wp:term":[{"taxonomy":"product_brand","embeddable":true,"href":"https:\/\/lifeseguridad.com\/index.php?rest_route=%2Fwp%2Fv2%2Fproduct_brand&post=8030"},{"taxonomy":"product_cat","embeddable":true,"href":"https:\/\/lifeseguridad.com\/index.php?rest_route=%2Fwp%2Fv2%2Fproduct_cat&post=8030"},{"taxonomy":"product_tag","embeddable":true,"href":"https:\/\/lifeseguridad.com\/index.php?rest_route=%2Fwp%2Fv2%2Fproduct_tag&post=8030"}],"curies":[{"name":"wp","href":"https:\/\/api.w.org\/{rel}","templated":true}]}}